{"id":40,"date":"2021-03-07T23:46:11","date_gmt":"2021-03-07T23:46:11","guid":{"rendered":"https:\/\/edsoncavalcante.com.br\/ultra\/?page_id=40"},"modified":"2023-08-11T02:19:04","modified_gmt":"2023-08-11T02:19:04","slug":"vencido","status":"publish","type":"page","link":"https:\/\/edsoncavalcante.com.br\/ultra\/vencido\/","title":{"rendered":"Meu Canal"},"content":{"rendered":"\n<p><strong>Link do meu canal :<\/strong> <a rel=\"noreferrer noopener\" href=\"https:\/\/www.youtube.com\/@agoravamoscaminhar\" target=\"_blank\">https:\/\/www.youtube.com\/@agoravamoscaminhar<\/a><\/p>\n\n\n\n<figure class=\"wp-block-image size-large\"><img loading=\"lazy\" width=\"1024\" height=\"368\" src=\"https:\/\/edsoncavalcante.com.br\/ultra\/wp-content\/uploads\/2023\/08\/image-1024x368.png\" alt=\"\" class=\"wp-image-64\" srcset=\"https:\/\/edsoncavalcante.com.br\/ultra\/wp-content\/uploads\/2023\/08\/image-1024x368.png 1024w, https:\/\/edsoncavalcante.com.br\/ultra\/wp-content\/uploads\/2023\/08\/image-300x108.png 300w, https:\/\/edsoncavalcante.com.br\/ultra\/wp-content\/uploads\/2023\/08\/image-768x276.png 768w, https:\/\/edsoncavalcante.com.br\/ultra\/wp-content\/uploads\/2023\/08\/image.png 1484w\" sizes=\"(max-width: 1024px) 100vw, 1024px\" \/><\/figure>\n\n\n\n<p><strong>Por gentileza, inscreva-se no canal<\/strong> :  <a rel=\"noreferrer noopener\" href=\"https:\/\/www.youtube.com\/channel\/UCZoFD_PKyLbqlkjlhjnSB0w?sub_confirmation=1\" target=\"_blank\">https:\/\/www.youtube.com\/channel\/UCZoFD_PKyLbqlkjlhjnSB0w?sub_confirmation=1<\/a><\/p>\n\n\n\n<p><strong>Algumas Playlist do meu Canal :<\/strong><\/p>\n\n\n\n<figure class=\"wp-block-embed-youtube wp-block-embed is-type-video is-provider-youtube wp-embed-aspect-16-9 wp-has-aspect-ratio\"><div class=\"wp-block-embed__wrapper\">\n<iframe title=\"Musica\" width=\"580\" height=\"326\" src=\"https:\/\/www.youtube.com\/embed\/videoseries?list=PLDP3nCdS2YFekDu0XmEu9UOCj1JY1x6hd\" frameborder=\"0\" allow=\"accelerometer; autoplay; clipboard-write; encrypted-media; gyroscope; picture-in-picture; web-share\" allowfullscreen><\/iframe>\n<\/div><figcaption><strong>DIVERSOS SONS  PIANO JAZZ  E OUTROS <\/strong><\/figcaption><\/figure>\n\n\n\n<figure class=\"wp-block-embed-youtube wp-block-embed is-type-video is-provider-youtube wp-embed-aspect-16-9 wp-has-aspect-ratio\"><div class=\"wp-block-embed__wrapper\">\n<iframe title=\"Frases Curtas\" width=\"580\" height=\"326\" src=\"https:\/\/www.youtube.com\/embed\/videoseries?list=PLDP3nCdS2YFeQh04LfOSR7B2woaLdjirJ\" frameborder=\"0\" allow=\"accelerometer; autoplay; clipboard-write; encrypted-media; gyroscope; picture-in-picture; web-share\" allowfullscreen><\/iframe>\n<\/div><figcaption><strong>FRASES CURTAS<\/strong><\/figcaption><\/figure>\n\n\n\n<figure class=\"wp-block-embed-youtube wp-block-embed is-type-video is-provider-youtube wp-embed-aspect-16-9 wp-has-aspect-ratio\"><div class=\"wp-block-embed__wrapper\">\n<iframe title=\"V\u00eddeos Engra\u00e7ados\" width=\"580\" height=\"326\" src=\"https:\/\/www.youtube.com\/embed\/videoseries?list=PLDP3nCdS2YFcYgKD-0b4l4xottQhJsjrX\" frameborder=\"0\" allow=\"accelerometer; autoplay; clipboard-write; encrypted-media; gyroscope; picture-in-picture; web-share\" allowfullscreen><\/iframe>\n<\/div><figcaption><strong>V\u00cdDEOS ENGRA\u00c7ADOS<\/strong><\/figcaption><\/figure>\n\n\n\n<figure class=\"wp-block-embed-youtube wp-block-embed is-type-video is-provider-youtube wp-embed-aspect-16-9 wp-has-aspect-ratio\"><div class=\"wp-block-embed__wrapper\">\n<iframe title=\"Aparecida\" width=\"580\" height=\"326\" src=\"https:\/\/www.youtube.com\/embed\/videoseries?list=PLDP3nCdS2YFdl-MkecY-B3oHekTU8pyYb\" frameborder=\"0\" allow=\"accelerometer; autoplay; clipboard-write; encrypted-media; gyroscope; picture-in-picture; web-share\" allowfullscreen><\/iframe>\n<\/div><figcaption><strong>APARECIDA DO NORTE  &#8211; S\u00c3O PAULO<\/strong><\/figcaption><\/figure>\n\n\n\n<figure class=\"wp-block-embed-youtube wp-block-embed is-type-video is-provider-youtube wp-embed-aspect-16-9 wp-has-aspect-ratio\"><div class=\"wp-block-embed__wrapper\">\n<iframe title=\"Outras cidades\" width=\"580\" height=\"326\" src=\"https:\/\/www.youtube.com\/embed\/videoseries?list=PLDP3nCdS2YFfzkMf5c2WJw9jyAvWgojWl\" frameborder=\"0\" allow=\"accelerometer; autoplay; clipboard-write; encrypted-media; gyroscope; picture-in-picture; web-share\" allowfullscreen><\/iframe>\n<\/div><figcaption><strong>FOTOS DE OUTRAS CIDADES  ENTRE ELAS PASSA QUATRO MG<\/strong><\/figcaption><\/figure>\n\n\n\n<p><\/p>\n\n\n\n<p><strong>VEJA MAIS V\u00cdDEOS E PLAYLIST NO MEU CANAL : <\/strong><\/p>\n\n\n\n<p><strong>Link do meu canal :<\/strong> <a rel=\"noreferrer noopener\" href=\"https:\/\/www.youtube.com\/@agoravamoscaminhar\" target=\"_blank\">https:\/\/www.youtube.com\/@agoravamoscaminhar<\/a><\/p>\n\n\n\n<p><strong>FA\u00c7A SUA INSCRI\u00c7\u00c3O , COMENTE , CURTA OS V\u00cdDEOS E SE GOSTAR DE ALGUM DELES COMPARTILHE !<\/strong><\/p>\n\n\n\n<p><strong>Por gentileza, inscreva-se no canal<\/strong> : <a rel=\"noreferrer noopener\" href=\"https:\/\/www.youtube.com\/channel\/UCZoFD_PKyLbqlkjlhjnSB0w?sub_confirmation=1\" target=\"_blank\">https:\/\/www.youtube.com\/channel\/UCZoFD_PKyLbqlkjlhjnSB0w?sub_confirmation=1<\/a><\/p>\n","protected":false},"excerpt":{"rendered":"<p>Link do meu canal : https:\/\/www.youtube.com\/@agoravamoscaminhar Por gentileza, inscreva-se no canal : https:\/\/www.youtube.com\/channel\/UCZoFD_PKyLbqlkjlhjnSB0w?sub_confirmation=1 Algumas Playlist do meu Canal : VEJA MAIS V\u00cdDEOS E PLAYLIST NO MEU CANAL : Link do meu canal : https:\/\/www.youtube.com\/@agoravamoscaminhar FA\u00c7A SUA INSCRI\u00c7\u00c3O , COMENTE , CURTA OS V\u00cdDEOS E SE GOSTAR DE ALGUM DELES COMPARTILHE ! Por gentileza, inscreva-se no [&hellip;]<\/p>\n","protected":false},"author":1,"featured_media":0,"parent":0,"menu_order":0,"comment_status":"closed","ping_status":"closed","template":"","meta":[],"_links":{"self":[{"href":"https:\/\/edsoncavalcante.com.br\/ultra\/wp-json\/wp\/v2\/pages\/40"}],"collection":[{"href":"https:\/\/edsoncavalcante.com.br\/ultra\/wp-json\/wp\/v2\/pages"}],"about":[{"href":"https:\/\/edsoncavalcante.com.br\/ultra\/wp-json\/wp\/v2\/types\/page"}],"author":[{"embeddable":true,"href":"https:\/\/edsoncavalcante.com.br\/ultra\/wp-json\/wp\/v2\/users\/1"}],"replies":[{"embeddable":true,"href":"https:\/\/edsoncavalcante.com.br\/ultra\/wp-json\/wp\/v2\/comments?post=40"}],"version-history":[{"count":8,"href":"https:\/\/edsoncavalcante.com.br\/ultra\/wp-json\/wp\/v2\/pages\/40\/revisions"}],"predecessor-version":[{"id":68,"href":"https:\/\/edsoncavalcante.com.br\/ultra\/wp-json\/wp\/v2\/pages\/40\/revisions\/68"}],"wp:attachment":[{"href":"https:\/\/edsoncavalcante.com.br\/ultra\/wp-json\/wp\/v2\/media?parent=40"}],"curies":[{"name":"wp","href":"https:\/\/api.w.org\/{rel}","templated":true}]}}