{"id":697,"date":"2022-07-15T15:57:54","date_gmt":"2022-07-15T15:57:54","guid":{"rendered":"https:\/\/edsoncavalcante.com.br\/recente\/?page_id=697"},"modified":"2022-07-15T15:57:55","modified_gmt":"2022-07-15T15:57:55","slug":"amazon-prime","status":"publish","type":"page","link":"https:\/\/edsoncavalcante.com.br\/recente\/amazon-prime\/","title":{"rendered":"Amazon Prime"},"content":{"rendered":"\n<h1>Frete GR\u00c1TIS ilimitado e entretenimento com o Amazon Prime<\/h1>\n\n\n\n<p id=\"block-82ffbaff-4d1d-480b-b562-ff7afa09f1fb\"><a rel=\"noreferrer noopener\" href=\"https:\/\/amzn.to\/3cia3iB\" target=\"_blank\"><strong>Frete GR\u00c1TIS ilimitado e entretenimento com o Amazon Prime<\/strong><\/a><\/p>\n\n\n\n<figure class=\"wp-block-image\" id=\"block-6fae26be-4dac-451b-a32b-514133073cb0\"><img src=\"https:\/\/edsoncavalcante.com.br\/recente\/wp-content\/uploads\/2022\/07\/amazon-prime-30dias-gratis-1024x342.jpg\" alt=\"O atributo alt desta imagem est\u00e1 vazio. O nome do arquivo \u00e9 amazon-prime-30dias-gratis-1024x342.jpg\"\/><figcaption>Amazon Prime fonte: https:\/\/amzn.to\/3cia3iB<\/figcaption><\/figure>\n\n\n\n<p id=\"block-eb485436-3afb-4098-8b2e-28abc3bebc1e\">Aproveite frete GR\u00c1TIS e r\u00e1pido, filmes, s\u00e9ries, m\u00fasicas e muito mais por apenas R$ 14,90\/m\u00eas ou R$ 119,00\/ano, dependendo do plano escolhido.<\/p>\n\n\n\n<p id=\"block-a03969b3-3adb-4667-a7da-baf78bc01dd6\"><strong>Assista a s\u00e9ries e filmes de sucesso, Amazon Originals premiados, e muito mais.<\/strong><\/p>\n\n\n\n<p id=\"block-1d34744f-602c-4e38-bbe7-a069a332e1dd\">Como membro Prime voc\u00ea pode assistir a filmes e s\u00e9ries de sucesso sem nenhum custo extra. Assista na sua TV, tablet, celular ou computador. Assista online ou baixe para assistir offline.<\/p>\n\n\n\n<p id=\"block-f30306e4-ed01-4a27-9e73-dde406afa5ef\"><a href=\"https:\/\/amzn.to\/3cia3iB\" target=\"_blank\" rel=\"noreferrer noopener\"><strong>Acesso a centenas de eBooks e revistas<\/strong><\/a><\/p>\n\n\n\n<p id=\"block-b137ef00-f447-4754-bdb8-7d7d46bbf59e\">Como membro Prime, voc\u00ea tem acesso a centenas de eBooks, incluindo fic\u00e7\u00e3o e n\u00e3o fic\u00e7\u00e3o, revistas e muito mais, sem custo adicional.<\/p>\n\n\n\n<p id=\"block-64a04d1d-ddb6-4c61-8809-53e03ca94791\"><a href=\"https:\/\/amzn.to\/3cia3iB\" target=\"_blank\" rel=\"noreferrer noopener\"><strong>Mais de 2 milh\u00f5es de m\u00fasicas e podcasts sem an\u00fancios<\/strong><\/a><\/p>\n\n\n\n<p id=\"block-c3f5715a-9fa9-4caf-8551-3043c4f0de27\">Como membro Prime, reproduza m\u00fasicas e podcasts em seu aparelho preferido, de qualquer lugar, em modo offline e troque de m\u00fasica quantas vezes quiser.<\/p>\n\n\n\n<p id=\"block-3842a323-12bc-4d3b-8d97-1ef9e59577a2\"><strong><a rel=\"noreferrer noopener\" href=\"https:\/\/amzn.to\/3cia3iB\" target=\"_blank\">Saiba mais aqui<\/a><\/strong><\/p>\n","protected":false},"excerpt":{"rendered":"<p>Frete GR\u00c1TIS ilimitado e entretenimento com o Amazon Prime Frete GR\u00c1TIS ilimitado e entretenimento com o Amazon Prime Aproveite frete GR\u00c1TIS e r\u00e1pido, filmes, s\u00e9ries, m\u00fasicas e muito mais por apenas R$ 14,90\/m\u00eas ou R$ 119,00\/ano, dependendo do plano escolhido. &hellip; <a href=\"https:\/\/edsoncavalcante.com.br\/recente\/amazon-prime\/\">Continue lendo <span class=\"meta-nav\">&rarr;<\/span><\/a><\/p>\n","protected":false},"author":1,"featured_media":0,"parent":0,"menu_order":0,"comment_status":"closed","ping_status":"closed","template":"","meta":[],"_links":{"self":[{"href":"https:\/\/edsoncavalcante.com.br\/recente\/wp-json\/wp\/v2\/pages\/697"}],"collection":[{"href":"https:\/\/edsoncavalcante.com.br\/recente\/wp-json\/wp\/v2\/pages"}],"about":[{"href":"https:\/\/edsoncavalcante.com.br\/recente\/wp-json\/wp\/v2\/types\/page"}],"author":[{"embeddable":true,"href":"https:\/\/edsoncavalcante.com.br\/recente\/wp-json\/wp\/v2\/users\/1"}],"replies":[{"embeddable":true,"href":"https:\/\/edsoncavalcante.com.br\/recente\/wp-json\/wp\/v2\/comments?post=697"}],"version-history":[{"count":1,"href":"https:\/\/edsoncavalcante.com.br\/recente\/wp-json\/wp\/v2\/pages\/697\/revisions"}],"predecessor-version":[{"id":698,"href":"https:\/\/edsoncavalcante.com.br\/recente\/wp-json\/wp\/v2\/pages\/697\/revisions\/698"}],"wp:attachment":[{"href":"https:\/\/edsoncavalcante.com.br\/recente\/wp-json\/wp\/v2\/media?parent=697"}],"curies":[{"name":"wp","href":"https:\/\/api.w.org\/{rel}","templated":true}]}}